= 349. Is m a composite number?
True
Let k(v) = -21647*v**3 - 3*v**2 - 20*v - 17. Is k(-1) a prime number?
True
Suppose -11*j = 23*j + 2754. Is (-522360)/j + 1/9 prime?
True
Let o(k) be the third derivative of -k**6/60 + k**5/30 - 13*k**4/24 - k**3/2 - 4*k**2. Let q = 1586 + -1594. Is o(q) a composite number?
True
Let t = -388 + 7799. Is t a composite number?
False
Is 214879 + 10*(-3)/15 prime?
False
Suppose 3*i - 21 - 150 = 0. Let b be (i/19)/((-6)/(-16)). Suppose -b*f + 14*f = 2532. Is f prime?
False
Let y = 53238 - -178075. Is y prime?
False
Suppose 200 - 8 = 4*g. Let d = g + -53. Let r(v) = 31*v**2 + 2*v + 6. Is r(d) composite?
True
Is (24876299/(-82))/(42/12 + -1*4) a prime number?
False
Let t be (0 + -1 + 1)/1. Suppose t = -w - 347 - 954. Let n = -714 - w. Is n a prime number?
True
Suppose -16*h = -90 + 10. Let n(g) = -30*g - 47. Let u be n(h). Let l = 1854 + u. Is l a prime number?
True
Suppose -d - 2914 = -4*k, 5*k - 1 = 9. Let g = d + 7315. Is g prime?
True
Suppose -5*b + 24 = -2*b. Suppose -4*i + 2*v = b, -3*i + 3*v - 12 = -0*v. Suppose -11*k + 8*k + 5793 = i. Is k a prime number?
True
Suppose 36*q - 2580378 - 3355140 = -1598490. Is q prime?
True
Suppose 0 = l + 4*c - 9252 - 1574, 2*l = -5*c + 21646. Suppose 0 = 3*b - 339 - l. Is b composite?
False
Suppose 76708966 + 1229216 = 209*l - 8719279. Is l prime?
True
Let b = 977381 - 646780. Is b prime?
False
Suppose 0 = -z - 10*z - 33. Let s(n) = 2*n**2 + 3*n - 1. Let d be s(z). Suppose -1284 = 2*l - d*l. Is l a composite number?
True
Is 24 + -24 - (2 + 16718/(-6))*15 a composite number?
True
Let n = -246803 - -474256. Is n a composite number?
False
Let i = 10064 + -6756. Let b = 5086 - i. Let k = b - 769. Is k a composite number?
False
Suppose -b = -4 + 5. Let h be 0 + (1 + 4)*b. Is h + 2 - (-164 - 2) composite?
False
Let v = -3530 + 5095. Let a = v + -884. Let p = a - 374. Is p composite?
False
Let l(j) = -2930*j + 1439. Is l(-12) composite?
False
Let d(l) be the second derivative of 263*l**3/6 + 5*l**2/2 + 7*l. Let r be d(1). Let u = r + -69. Is u a prime number?
True
Let c(j) = 2*j**3 - 13*j**2 + 7*j - 2. Let v be c(6). Let f = -14 - -17. Suppose -v*l = -u - 1035, -3*l = -6*l - f*u + 780. Is l a prime number?
False
Suppose g - 148182 + 31298 = -4*l, l - 4*g - 29221 = 0. Is l composite?
False
Suppose -2*a + f = -518565, -5*f + 593264 - 74693 = 2*a. Is a composite?
True
Let s = -268 + 604. Let v = s - 174. Suppose -65 = -y - 2*u + v, 4*y = u + 872. Is y a composite number?
True
Let m(a) = a**2 - 16*a - 1159. Is m(-46) composite?
False
Is 173434/12 + (732/72 - 10) composite?
True
Let c be (-4)/(-5) + (-29)/(-145). Let v be 1*(c - -2 - 2) + 11. Suppose v*i = 22076 - 3920. Is i composite?
True
Suppose -22*w = -24*w + 8. Suppose 0 = -2*j - w, 0*r - 11486 = -4*r + 5*j. Is r composite?
True
Let o(j) = -j**3 - 13*j**2 + 16*j + 23. Let r be o(-14). Let l(v) = -4*v**3 + 5*v**2 - 9*v + 7. Is l(r) a composite number?
False
Suppose 4*c + 4*m = 885540, 3*m + 57341 + 164028 = c. Is c composite?
True
Suppose -3148 = 3*l + 533. Let s = l - -874. Let o = 532 + s. Is o a composite number?
False
Suppose 0 = -4*a - 4*g + 2484, -g + 6*g - 1861 = -3*a. Suppose -11*h - 400 = -9*h. Let x = h + a. Is x composite?
True
Suppose 13*q = -15*q + 402332. Is q a prime number?
True
Suppose -4*d - 69 = -4*r + 2767, 3561 = -5*d - 3*r. Let t be (42/(-5))/(d/(-120) + -6). Suppose 2*m = 6, u + m = -2*m + t. Is u a composite number?
False
Suppose -9*c + 4044278 = 5*c. Is c composite?
False
Suppose -7*m + 11 = 4. Let n be 17 + -21 - (-8 + m). Is ((-1)/n)/((-10)/13470) a prime number?
True
Suppose -46*h + 2601850 = 124*h. Is h a prime number?
False
Let j(a) = 870*a - 1021. Is j(22) prime?
True
Suppose 411*p - 428*p = -3978119. Is p a composite number?
False
Is (-3 - -3) + (16 + -4 - 11)*668179 prime?
True
Suppose -3*f + 4*f = 3*j + 8284, -2*f = -2. Let b = -170 - j. Is b composite?
False
Let h(b) be the first derivative of -15*b**4/4 - 2*b**3/3 + b + 6. Let w be h(1). Let t(r) = -r**3 - 17*r**2 - 19*r + 5. Is t(w) prime?
True
Let q(p) = -97*p - 7. Let d(u) = -49*u - 3. Let z(k) = 13*d(k) - 6*q(k). Let c be z(-13). Is c/(-4)*(10 + -12) composite?
False
Suppose 0 = -2*y - 6, -x + 5*y + 14 = 4*y. Suppose x*p = 15*p + 2112. Let i = 919 + p. Is i a composite number?
True
Suppose -2*m - 57*m + 12453613 = 12*m. Is m composite?
False
Let z = 1648 + -1070. Suppose -3*s = -s - z. Is s a composite number?
True
Let f = -80 - -82. Suppose 3*p = 4*u + 2*p - 1229, f*p = 5*u - 1537. Is u a composite number?
False
Suppose -6*t = -2*t - 35552. Let s = -5295 + t. Is s a composite number?
False
Let m(a) = 3*a**3 + 12*a**2 + 9*a + 9. Let j be m(-10). Let v = j - -3790. Is v a composite number?
True
Suppose -5*r = 3*l - 57219, -4*l + 9712 = 5*r - 66570. Is l a prime number?
False
Let r(k) = -k**3 - 3*k**2 - k + 2. Let q be r(-3). Suppose -5*f = -3*b - 4220, 3*f + f = q*b + 3376. Suppose -1744 - f = -4*j. Is j composite?
False
Is (20/70)/(8/11150132) a composite number?
False
Let x be -1402 - (-10)/(-3)*(-42)/28. Suppose -5*p + 3*u = 4194, -3*p + 4*p + 5*u + 850 = 0. Let v = p - x. Is v composite?
False
Let d(m) = 117*m**3 + 15*m**2 + 7*m + 14. Is d(5) composite?
True
Suppose 7*m = -m + 207088. Suppose -2772 = 14*p - m. Is p a composite number?
True
Suppose 0 = -3*u + j + 164, -j + 57 = u + j. Suppose -2*a = -2*z - z + 47, 5*a = -4*z + u. Suppose -3*c = z, -c + 2372 = 5*k - 2613. Is k prime?
False
Let c = -229344 - -773311. Is c a composite number?
False
Let z(k) = -17*k - 3. Let u be z(1). Let m be 6/(-4)*u/5. Is m/9 + 8232/18 prime?
False
Suppose -3*w + 33036 - 3162 = 0. Suppose -11*i = -24*i + w. Is i a composite number?
True
Suppose -3*s = b - 44, 0 = -b + 2*s + 2*s + 72. Let j = -47 + b. Let a(v) = 3*v**3 - 12*v**2 - 7*v + 19. Is a(j) a composite number?
False
Suppose 2209036 + 280049 = 23*z + 622474. Is z a prime number?
True
Let l = -16 + 13. Let g = l + 14. Let m(i) = i**3 - 9*i**2 - 9*i - 4. Is m(g) a composite number?
False
Let d be 4/36*6 - 32/(-6). Suppose d*l = 2*l - 1736. Let j = l - -823. Is j a composite number?
False
Suppose 2*p + 292171 = 5*c, 7*c - p - 292173 = 2*c. Suppose 0 = 3*s - 2*r - 43829, 4*s + r - c = -0*r. Is s a composite number?
True
Let r = -12546 + 12961. Is r prime?
False
Let f be (-1 - 5884)/(0 - 2/2). Suppose -s + 0*s = -4086. Let d = f - s. Is d prime?
False
Is (15064/(-140))/(2 - (-13248)/(-6620)) a composite number?
True
Suppose -1451489 - 177731 = -48*i - 398644. Is i a prime number?
False
Let q(i) = -7*i - 12. Let d be q(-2). Suppose -m + 3*m - 11 = l, 5 = d*m + 5*l. Suppose -2*y - 2*j + 2143 = -y, 2*y = m*j + 4331. Is y a prime number?
True
Let i(g) = -1278*g + 395. Is i(-22) prime?
False
Suppose -2*y + 4959 - 947 = 0. Let d = y - 963. Is d composite?
True
Let n(f) = -35*f - 13. Let u(m) = 1. Let k(p) = n(p) + 3*u(p). Let i be k(-8). Suppose 0 = -0*h - h - 5*j + 77, -4*h - j = -i. Is h prime?
True
Suppose 8*f - 29 = -5. Suppose v - f*p = 4354, -2*v + 4105 + 4599 = -2*p. Is v a composite number?
True
Let w be -2 + (-1703)/1*-1. Let b(a) = -119*a + 169. Let t be b(-35). Suppose 5*u - w = t. Is u a prime number?
False
Let g = -124181 + 303846. Is g composite?
True
Let j be 2 - (-314 - (-3 + 3)). Suppose 3*n - j = 38. Is n a prime number?
False
Let h = 41271 + 60500. Is h a prime number?
True
Let x = 30 + -32. Let y be (-2 + (-10)/5)/(0 + x). Suppose 32 = 2*v + n - 91, -y*v + 2*n = -108. Is v a prime number?
True
Let j(a) = 11*a**3 + 4*a**2 + 9*a - 7. Suppose -k + 49 - 12 = 0. Let v = -33 + k. Is j(v) a composite number?
False
Let r(a) = -11*a**3 + 6*a - 5. Let u be (4 + (-19)/6)/((-3)/(-18)). Let h be r(u). Let x = 2215 + h. Is x a prime number?
False
Suppose 0 = -28*m + 41*m - 1027. Suppose 75*u = m*u - 11108. Is u a prime number?
True
Suppose 118*v - 3343100 = 505049 - 80763. Is v a prime number?
False
Let a(h) = -23*h - 7 + 16 - 5. Let v be a(-6). Let d = v + -31. Is d a composite number?
True
Suppose 70 - 10 = 4*j. Let y = 422 - j. Is y prime?
False
Suppose -3*l - 3*o = -18741 - 11367, 4*o + 4 = 0. Is l a composite number?
False
Let m(l) = 510*l - 2. Let c be m(1). Suppose 8*y - c = 9*y. Let s = y - -803. Is s composite?
True
Let z(c) = 385*c - 781. Is z(32) a prime number?
False
Let c be 92/14 - 9/(-21